{"id":68,"date":"2021-11-02T14:44:36","date_gmt":"2021-11-02T14:44:36","guid":{"rendered":"https:\/\/seeds.caliman.com.br\/?page_id=68"},"modified":"2021-11-08T13:41:54","modified_gmt":"2021-11-08T16:41:54","slug":"home","status":"publish","type":"page","link":"https:\/\/seeds.caliman.com.br\/","title":{"rendered":"Home"},"content":{"rendered":"\t\t<div data-elementor-type=\"wp-page\" data-elementor-id=\"68\" class=\"elementor elementor-68\">\n\t\t\t\t\t\t<section class=\"elementor-section elementor-top-section elementor-element elementor-element-18d7a847 envato-kit-15-background-fix elementor-section-full_width elementor-section-height-default elementor-section-height-default\" data-id=\"18d7a847\" data-element_type=\"section\" data-e-type=\"section\" data-settings=\"{&quot;background_background&quot;:&quot;classic&quot;}\">\n\t\t\t\t\t\t\t<div class=\"elementor-background-overlay\"><\/div>\n\t\t\t\t\t\t\t<div class=\"elementor-container elementor-column-gap-default\">\n\t\t\t\t\t<div class=\"elementor-column elementor-col-100 elementor-top-column elementor-element elementor-element-647d3128 elementor-invisible\" data-id=\"647d3128\" data-element_type=\"column\" data-e-type=\"column\" data-settings=\"{&quot;animation&quot;:&quot;fadeInUp&quot;}\">\n\t\t\t<div class=\"elementor-widget-wrap elementor-element-populated\">\n\t\t\t\t\t\t<div class=\"elementor-element elementor-element-3147819 elementor-widget elementor-widget-image\" data-id=\"3147819\" data-element_type=\"widget\" data-e-type=\"widget\" data-widget_type=\"image.default\">\n\t\t\t\t<div class=\"elementor-widget-container\">\n\t\t\t\t\t\t\t\t\t\t\t\t\t\t\t<img fetchpriority=\"high\" decoding=\"async\" width=\"300\" height=\"300\" src=\"https:\/\/seeds.caliman.com.br\/wp-content\/uploads\/2021\/11\/Untitled-design-1-300x300.png\" class=\"attachment-medium size-medium wp-image-98\" alt=\"\" srcset=\"https:\/\/seeds.caliman.com.br\/wp-content\/uploads\/2021\/11\/Untitled-design-1-300x300.png 300w, https:\/\/seeds.caliman.com.br\/wp-content\/uploads\/2021\/11\/Untitled-design-1-1024x1024.png 1024w, https:\/\/seeds.caliman.com.br\/wp-content\/uploads\/2021\/11\/Untitled-design-1-150x150.png 150w, https:\/\/seeds.caliman.com.br\/wp-content\/uploads\/2021\/11\/Untitled-design-1-768x768.png 768w, https:\/\/seeds.caliman.com.br\/wp-content\/uploads\/2021\/11\/Untitled-design-1.png 1500w\" sizes=\"(max-width: 300px) 100vw, 300px\" \/>\t\t\t\t\t\t\t\t\t\t\t\t\t\t\t<\/div>\n\t\t\t\t<\/div>\n\t\t\t\t\t<\/div>\n\t\t<\/div>\n\t\t\t\t\t<\/div>\n\t\t<\/section>\n\t\t\t\t<section class=\"elementor-section elementor-top-section elementor-element elementor-element-164183b elementor-section-boxed elementor-section-height-default elementor-section-height-default\" data-id=\"164183b\" data-element_type=\"section\" data-e-type=\"section\" data-settings=\"{&quot;background_background&quot;:&quot;classic&quot;}\">\n\t\t\t\t\t\t<div class=\"elementor-container elementor-column-gap-wide\">\n\t\t\t\t\t<div class=\"elementor-column elementor-col-100 elementor-top-column elementor-element elementor-element-1067bd79 elementor-invisible\" data-id=\"1067bd79\" data-element_type=\"column\" data-e-type=\"column\" data-settings=\"{&quot;animation&quot;:&quot;fadeInLeft&quot;}\">\n\t\t\t<div class=\"elementor-widget-wrap elementor-element-populated\">\n\t\t\t\t\t\t<div class=\"elementor-element elementor-element-3da0408 elementor-widget elementor-widget-heading\" data-id=\"3da0408\" data-element_type=\"widget\" data-e-type=\"widget\" data-widget_type=\"heading.default\">\n\t\t\t\t<div class=\"elementor-widget-container\">\n\t\t\t\t\t<h2 class=\"elementor-heading-title elementor-size-default\">Sobre n\u00f3s<\/h2>\t\t\t\t<\/div>\n\t\t\t\t<\/div>\n\t\t\t\t<div class=\"elementor-element elementor-element-76bb37b elementor-widget elementor-widget-text-editor\" data-id=\"76bb37b\" data-element_type=\"widget\" data-e-type=\"widget\" data-widget_type=\"text-editor.default\">\n\t\t\t\t<div class=\"elementor-widget-container\">\n\t\t\t\t\t\t\t\t\t<p>A empresa <strong>Caliman Seeds<\/strong>\u00a0nasce como uma empresa de base tecnol\u00f3gica, iniciada em parceria com a Universidade Estadual do Norte Fluminense Darcy Ribeiro &#8211; UENF. Sendo a primeira empresa de sementes do Brasil a desenvolver e produzir sementes de h\u00edbridos de Mamoeiro. Os produtos da empresa s\u00e3o a produ\u00e7\u00e3o\/comercializa\u00e7\u00e3o de sementes dos h\u00edbridos Candy e Vit\u00f3ria.<\/p><p>H\u00e1 mais de 20 anos a Universidade Estadual do Norte Fluminense Darcy Ribeiro &#8211; UENF, vem desenvolvendo um programa de melhoramento gen\u00e9tico do mamoeiro em parceria com a empresa Caliman Agr\u00edcola S\/A, sediada em Linhares-ES. Desta parceria j\u00e1 foram registrados mais de 21 h\u00edbridos de mam\u00e3o para cultivo nas diversas regi\u00f5es produtoras do Brasil. A miss\u00e3o da Caliman Seeds \u00e9 para esses novos produtos tecnol\u00f3gicos, ap\u00f3s desenvolvidos, necessitam de passo subseq\u00fcente que \u00e9 a produ\u00e7\u00e3o comercial de suas sementes em quantidade e qualidade com vistas ao atendimento deste mercado consumidor, tanto no Brasil com em outros pa\u00edses.\u00a0<\/p>\t\t\t\t\t\t\t\t<\/div>\n\t\t\t\t<\/div>\n\t\t\t\t\t<\/div>\n\t\t<\/div>\n\t\t\t\t\t<\/div>\n\t\t<\/section>\n\t\t\t\t<section class=\"elementor-section elementor-top-section elementor-element elementor-element-5dd52d28 elementor-section-boxed elementor-section-height-default elementor-section-height-default\" data-id=\"5dd52d28\" data-element_type=\"section\" data-e-type=\"section\">\n\t\t\t\t\t\t<div class=\"elementor-container elementor-column-gap-wider\">\n\t\t\t\t\t<div class=\"elementor-column elementor-col-33 elementor-top-column elementor-element elementor-element-2747f268 elementor-invisible\" data-id=\"2747f268\" data-element_type=\"column\" data-e-type=\"column\" data-settings=\"{&quot;animation&quot;:&quot;fadeInUp&quot;}\">\n\t\t\t<div class=\"elementor-widget-wrap elementor-element-populated\">\n\t\t\t\t\t\t<div class=\"elementor-element elementor-element-2a1fda23 elementor-widget elementor-widget-heading\" data-id=\"2a1fda23\" data-element_type=\"widget\" data-e-type=\"widget\" data-widget_type=\"heading.default\">\n\t\t\t\t<div class=\"elementor-widget-container\">\n\t\t\t\t\t<h2 class=\"elementor-heading-title elementor-size-default\">Vit\u00f3ria<\/h2>\t\t\t\t<\/div>\n\t\t\t\t<\/div>\n\t\t\t\t<div class=\"elementor-element elementor-element-1590dd16 elementor-widget elementor-widget-text-editor\" data-id=\"1590dd16\" data-element_type=\"widget\" data-e-type=\"widget\" data-widget_type=\"text-editor.default\">\n\t\t\t\t<div class=\"elementor-widget-container\">\n\t\t\t\t\t\t\t\t\t<p>\u00c9 uma cultivar h\u00edbrida de mamoeiro, precoce e com alta produtividade, recomendada para as regi\u00f5es sudeste e nordeste do Brasil.<\/p><p>A cultivar apresenta frutos padr\u00e3o Formosa, em m\u00e9dia, 2,0 kg, oblongo com pec\u00edolo longo, cerca de 5 cm, fruto de colora\u00e7\u00e3o verde-escuro quando imaturo e amarelo claro quando maduro, polpa levemente avermelhada com 3,5cm de espessura, frutos com reduzida cavidade ovariana e com excelente sabor. Cultivar precoce, com plantas de porte reduzido chegando no m\u00e1ximo 2,5 m de altura com altura de inser\u00e7\u00e3o dos primeiros frutos a partir de 0,5m. Em termos de aceita\u00e7\u00e3o sensorial, a cultivar apresenta m\u00e9dias elevadas de aroma, sabor, textura, impress\u00e3o global, apar\u00eancia interna e apar\u00eancia externa.<\/p>\t\t\t\t\t\t\t\t<\/div>\n\t\t\t\t<\/div>\n\t\t\t\t\t<\/div>\n\t\t<\/div>\n\t\t\t\t<div class=\"elementor-column elementor-col-33 elementor-top-column elementor-element elementor-element-2a37daec\" data-id=\"2a37daec\" data-element_type=\"column\" data-e-type=\"column\" data-settings=\"{&quot;background_background&quot;:&quot;classic&quot;}\">\n\t\t\t<div class=\"elementor-widget-wrap elementor-element-populated\">\n\t\t\t\t\t\t<div class=\"elementor-element elementor-element-4afa74a elementor-widget elementor-widget-image\" data-id=\"4afa74a\" data-element_type=\"widget\" data-e-type=\"widget\" data-widget_type=\"image.default\">\n\t\t\t\t<div class=\"elementor-widget-container\">\n\t\t\t\t\t\t\t\t\t\t\t\t\t\t\t<img decoding=\"async\" width=\"632\" height=\"977\" src=\"https:\/\/seeds.caliman.com.br\/wp-content\/uploads\/2021\/11\/UENF_Folder-Caliman-Sementes_VITORIA_EN_20x21cm_FINAL.pdf-e1636103712924.png\" class=\"attachment-large size-large wp-image-273\" alt=\"\" srcset=\"https:\/\/seeds.caliman.com.br\/wp-content\/uploads\/2021\/11\/UENF_Folder-Caliman-Sementes_VITORIA_EN_20x21cm_FINAL.pdf-e1636103712924.png 632w, https:\/\/seeds.caliman.com.br\/wp-content\/uploads\/2021\/11\/UENF_Folder-Caliman-Sementes_VITORIA_EN_20x21cm_FINAL.pdf-e1636103712924-194x300.png 194w\" sizes=\"(max-width: 632px) 100vw, 632px\" \/>\t\t\t\t\t\t\t\t\t\t\t\t\t\t\t<\/div>\n\t\t\t\t<\/div>\n\t\t\t\t\t<\/div>\n\t\t<\/div>\n\t\t\t\t<div class=\"elementor-column elementor-col-33 elementor-top-column elementor-element elementor-element-10503594 elementor-invisible\" data-id=\"10503594\" data-element_type=\"column\" data-e-type=\"column\" data-settings=\"{&quot;animation&quot;:&quot;fadeInUp&quot;}\">\n\t\t\t<div class=\"elementor-widget-wrap elementor-element-populated\">\n\t\t\t\t\t\t<div class=\"elementor-element elementor-element-cb34069 elementor-widget elementor-widget-image\" data-id=\"cb34069\" data-element_type=\"widget\" data-e-type=\"widget\" data-widget_type=\"image.default\">\n\t\t\t\t<div class=\"elementor-widget-container\">\n\t\t\t\t\t\t\t\t\t\t\t\t\t\t\t<img decoding=\"async\" width=\"706\" height=\"504\" src=\"https:\/\/seeds.caliman.com.br\/wp-content\/uploads\/2021\/11\/vitoria-1-2.png\" class=\"attachment-large size-large wp-image-319\" alt=\"\" srcset=\"https:\/\/seeds.caliman.com.br\/wp-content\/uploads\/2021\/11\/vitoria-1-2.png 706w, https:\/\/seeds.caliman.com.br\/wp-content\/uploads\/2021\/11\/vitoria-1-2-300x214.png 300w\" sizes=\"(max-width: 706px) 100vw, 706px\" \/>\t\t\t\t\t\t\t\t\t\t\t\t\t\t\t<\/div>\n\t\t\t\t<\/div>\n\t\t\t\t<div class=\"elementor-element elementor-element-3fa22f8 elementor-widget elementor-widget-image\" data-id=\"3fa22f8\" data-element_type=\"widget\" data-e-type=\"widget\" data-widget_type=\"image.default\">\n\t\t\t\t<div class=\"elementor-widget-container\">\n\t\t\t\t\t\t\t\t\t\t\t\t\t\t\t<img loading=\"lazy\" decoding=\"async\" width=\"701\" height=\"503\" src=\"https:\/\/seeds.caliman.com.br\/wp-content\/uploads\/2021\/11\/vitoria-2-2.png\" class=\"attachment-large size-large wp-image-320\" alt=\"\" srcset=\"https:\/\/seeds.caliman.com.br\/wp-content\/uploads\/2021\/11\/vitoria-2-2.png 701w, https:\/\/seeds.caliman.com.br\/wp-content\/uploads\/2021\/11\/vitoria-2-2-300x215.png 300w\" sizes=\"(max-width: 701px) 100vw, 701px\" \/>\t\t\t\t\t\t\t\t\t\t\t\t\t\t\t<\/div>\n\t\t\t\t<\/div>\n\t\t\t\t\t<\/div>\n\t\t<\/div>\n\t\t\t\t\t<\/div>\n\t\t<\/section>\n\t\t\t\t<section class=\"elementor-section elementor-top-section elementor-element elementor-element-3fdd67c elementor-section-boxed elementor-section-height-default elementor-section-height-default\" data-id=\"3fdd67c\" data-element_type=\"section\" data-e-type=\"section\" data-settings=\"{&quot;background_background&quot;:&quot;classic&quot;}\">\n\t\t\t\t\t\t<div class=\"elementor-container elementor-column-gap-wider\">\n\t\t\t\t\t<div class=\"elementor-column elementor-col-33 elementor-top-column elementor-element elementor-element-e236d37 elementor-invisible\" data-id=\"e236d37\" data-element_type=\"column\" data-e-type=\"column\" data-settings=\"{&quot;animation&quot;:&quot;fadeInUp&quot;}\">\n\t\t\t<div class=\"elementor-widget-wrap elementor-element-populated\">\n\t\t\t\t\t\t<div class=\"elementor-element elementor-element-1990518 elementor-widget elementor-widget-heading\" data-id=\"1990518\" data-element_type=\"widget\" data-e-type=\"widget\" data-widget_type=\"heading.default\">\n\t\t\t\t<div class=\"elementor-widget-container\">\n\t\t\t\t\t<h2 class=\"elementor-heading-title elementor-size-default\">Candy<\/h2>\t\t\t\t<\/div>\n\t\t\t\t<\/div>\n\t\t\t\t<div class=\"elementor-element elementor-element-6ae48d2 elementor-widget elementor-widget-text-editor\" data-id=\"6ae48d2\" data-element_type=\"widget\" data-e-type=\"widget\" data-widget_type=\"text-editor.default\">\n\t\t\t\t<div class=\"elementor-widget-container\">\n\t\t\t\t\t\t\t\t\t<p>\u00c9 uma cultivar h\u00edbrida de mamoeiro com alta produtividade, recomendada para as regi\u00f5es Sudeste, Norte e Nordeste do Brasil.<\/p><p>A cultivar apresenta frutos Formosa, em m\u00e9dia, 1,2 kg, com ped\u00fanculo de 5,05 cm de comprimento. Os frutos apresentam casca fina de cor verde, polpa avermelhada, com semente de brilho intermedi\u00e1rio, formato ov\u00f3ide, com pouca mucilagem e com peso m\u00e9dio de cem sementes frescas em torno de 10 g. Os frutos apresentam polpa de aroma e sabor bastante agrad\u00e1vel, pouco tecido placent\u00e1rio, e excelente qualidade para o consumo de mesa.<\/p>\t\t\t\t\t\t\t\t<\/div>\n\t\t\t\t<\/div>\n\t\t\t\t\t<\/div>\n\t\t<\/div>\n\t\t\t\t<div class=\"elementor-column elementor-col-33 elementor-top-column elementor-element elementor-element-8ff18ff\" data-id=\"8ff18ff\" data-element_type=\"column\" data-e-type=\"column\" data-settings=\"{&quot;background_background&quot;:&quot;classic&quot;}\">\n\t\t\t<div class=\"elementor-widget-wrap elementor-element-populated\">\n\t\t\t\t\t\t<div class=\"elementor-element elementor-element-033205c elementor-widget elementor-widget-image\" data-id=\"033205c\" data-element_type=\"widget\" data-e-type=\"widget\" data-widget_type=\"image.default\">\n\t\t\t\t<div class=\"elementor-widget-container\">\n\t\t\t\t\t\t\t\t\t\t\t\t\t\t\t<img loading=\"lazy\" decoding=\"async\" width=\"650\" height=\"987\" src=\"https:\/\/seeds.caliman.com.br\/wp-content\/uploads\/2021\/11\/UENF_Folder-Caliman-Sementes_VITORIA_EN_20x21cm_FINAL.pdf-1-e1636103599583.png\" class=\"attachment-large size-large wp-image-272\" alt=\"\" srcset=\"https:\/\/seeds.caliman.com.br\/wp-content\/uploads\/2021\/11\/UENF_Folder-Caliman-Sementes_VITORIA_EN_20x21cm_FINAL.pdf-1-e1636103599583.png 650w, https:\/\/seeds.caliman.com.br\/wp-content\/uploads\/2021\/11\/UENF_Folder-Caliman-Sementes_VITORIA_EN_20x21cm_FINAL.pdf-1-e1636103599583-198x300.png 198w\" sizes=\"(max-width: 650px) 100vw, 650px\" \/>\t\t\t\t\t\t\t\t\t\t\t\t\t\t\t<\/div>\n\t\t\t\t<\/div>\n\t\t\t\t\t<\/div>\n\t\t<\/div>\n\t\t\t\t<div class=\"elementor-column elementor-col-33 elementor-top-column elementor-element elementor-element-d179c6b elementor-invisible\" data-id=\"d179c6b\" data-element_type=\"column\" data-e-type=\"column\" data-settings=\"{&quot;animation&quot;:&quot;fadeInUp&quot;}\">\n\t\t\t<div class=\"elementor-widget-wrap elementor-element-populated\">\n\t\t\t\t\t\t<div class=\"elementor-element elementor-element-4661d38 elementor-widget elementor-widget-image\" data-id=\"4661d38\" data-element_type=\"widget\" data-e-type=\"widget\" data-widget_type=\"image.default\">\n\t\t\t\t<div class=\"elementor-widget-container\">\n\t\t\t\t\t\t\t\t\t\t\t\t\t\t\t<img loading=\"lazy\" decoding=\"async\" width=\"710\" height=\"507\" src=\"https:\/\/seeds.caliman.com.br\/wp-content\/uploads\/2021\/11\/candy-1-2.png\" class=\"attachment-large size-large wp-image-314\" alt=\"\" srcset=\"https:\/\/seeds.caliman.com.br\/wp-content\/uploads\/2021\/11\/candy-1-2.png 710w, https:\/\/seeds.caliman.com.br\/wp-content\/uploads\/2021\/11\/candy-1-2-300x214.png 300w\" sizes=\"(max-width: 710px) 100vw, 710px\" \/>\t\t\t\t\t\t\t\t\t\t\t\t\t\t\t<\/div>\n\t\t\t\t<\/div>\n\t\t\t\t<div class=\"elementor-element elementor-element-78f4069 elementor-widget elementor-widget-image\" data-id=\"78f4069\" data-element_type=\"widget\" data-e-type=\"widget\" data-widget_type=\"image.default\">\n\t\t\t\t<div class=\"elementor-widget-container\">\n\t\t\t\t\t\t\t\t\t\t\t\t\t\t\t<img loading=\"lazy\" decoding=\"async\" width=\"708\" height=\"505\" src=\"https:\/\/seeds.caliman.com.br\/wp-content\/uploads\/2021\/11\/candy-2-2.png\" class=\"attachment-large size-large wp-image-315\" alt=\"\" srcset=\"https:\/\/seeds.caliman.com.br\/wp-content\/uploads\/2021\/11\/candy-2-2.png 708w, https:\/\/seeds.caliman.com.br\/wp-content\/uploads\/2021\/11\/candy-2-2-300x214.png 300w\" sizes=\"(max-width: 708px) 100vw, 708px\" \/>\t\t\t\t\t\t\t\t\t\t\t\t\t\t\t<\/div>\n\t\t\t\t<\/div>\n\t\t\t\t\t<\/div>\n\t\t<\/div>\n\t\t\t\t\t<\/div>\n\t\t<\/section>\n\t\t\t\t<section class=\"elementor-section elementor-top-section elementor-element elementor-element-e55cb04 elementor-section-boxed elementor-section-height-default elementor-section-height-default\" data-id=\"e55cb04\" data-element_type=\"section\" data-e-type=\"section\" data-settings=\"{&quot;background_background&quot;:&quot;classic&quot;}\">\n\t\t\t\t\t\t\t<div class=\"elementor-background-overlay\"><\/div>\n\t\t\t\t\t\t\t<div class=\"elementor-container elementor-column-gap-default\">\n\t\t\t\t\t<div class=\"elementor-column elementor-col-100 elementor-top-column elementor-element elementor-element-91d49e8\" data-id=\"91d49e8\" data-element_type=\"column\" data-e-type=\"column\">\n\t\t\t<div class=\"elementor-widget-wrap elementor-element-populated\">\n\t\t\t\t\t\t<div class=\"elementor-element elementor-element-0e1c9b2 elementor-widget elementor-widget-heading\" data-id=\"0e1c9b2\" data-element_type=\"widget\" data-e-type=\"widget\" data-widget_type=\"heading.default\">\n\t\t\t\t<div class=\"elementor-widget-container\">\n\t\t\t\t\t<h2 class=\"elementor-heading-title elementor-size-default\">Contato<\/h2>\t\t\t\t<\/div>\n\t\t\t\t<\/div>\n\t\t\t\t<div class=\"elementor-element elementor-element-d8a4aa3 elementor-widget elementor-widget-image\" data-id=\"d8a4aa3\" data-element_type=\"widget\" data-e-type=\"widget\" data-widget_type=\"image.default\">\n\t\t\t\t<div class=\"elementor-widget-container\">\n\t\t\t\t\t\t\t\t\t\t\t\t\t\t\t<img loading=\"lazy\" decoding=\"async\" width=\"300\" height=\"48\" src=\"https:\/\/seeds.caliman.com.br\/wp-content\/uploads\/2021\/11\/sementes@caliman.com_.br-1-e1636104221940-300x48.png\" class=\"attachment-medium size-medium wp-image-281\" alt=\"\" srcset=\"https:\/\/seeds.caliman.com.br\/wp-content\/uploads\/2021\/11\/sementes@caliman.com_.br-1-e1636104221940-300x48.png 300w, https:\/\/seeds.caliman.com.br\/wp-content\/uploads\/2021\/11\/sementes@caliman.com_.br-1-e1636104221940-768x123.png 768w, https:\/\/seeds.caliman.com.br\/wp-content\/uploads\/2021\/11\/sementes@caliman.com_.br-1-e1636104221940.png 1000w\" sizes=\"(max-width: 300px) 100vw, 300px\" \/>\t\t\t\t\t\t\t\t\t\t\t\t\t\t\t<\/div>\n\t\t\t\t<\/div>\n\t\t\t\t\t<\/div>\n\t\t<\/div>\n\t\t\t\t\t<\/div>\n\t\t<\/section>\n\t\t\t\t<\/div>\n\t\t","protected":false},"excerpt":{"rendered":"<p>Sobre n\u00f3s A empresa Caliman Seeds\u00a0nasce como uma empresa de base tecnol\u00f3gica, iniciada em parceria com a Universidade Estadual do Norte Fluminense Darcy Ribeiro &#8211; UENF. Sendo a primeira empresa de sementes do Brasil a desenvolver e produzir sementes de h\u00edbridos de Mamoeiro. Os produtos da empresa s\u00e3o a produ\u00e7\u00e3o\/comercializa\u00e7\u00e3o de sementes dos h\u00edbridos Candy [&hellip;]<\/p>\n","protected":false},"author":1,"featured_media":0,"parent":0,"menu_order":0,"comment_status":"closed","ping_status":"closed","template":"elementor_canvas","meta":{"footnotes":""},"class_list":["post-68","page","type-page","status-publish","hentry"],"_links":{"self":[{"href":"https:\/\/seeds.caliman.com.br\/index.php?rest_route=\/wp\/v2\/pages\/68","targetHints":{"allow":["GET"]}}],"collection":[{"href":"https:\/\/seeds.caliman.com.br\/index.php?rest_route=\/wp\/v2\/pages"}],"about":[{"href":"https:\/\/seeds.caliman.com.br\/index.php?rest_route=\/wp\/v2\/types\/page"}],"author":[{"embeddable":true,"href":"https:\/\/seeds.caliman.com.br\/index.php?rest_route=\/wp\/v2\/users\/1"}],"replies":[{"embeddable":true,"href":"https:\/\/seeds.caliman.com.br\/index.php?rest_route=%2Fwp%2Fv2%2Fcomments&post=68"}],"version-history":[{"count":212,"href":"https:\/\/seeds.caliman.com.br\/index.php?rest_route=\/wp\/v2\/pages\/68\/revisions"}],"predecessor-version":[{"id":323,"href":"https:\/\/seeds.caliman.com.br\/index.php?rest_route=\/wp\/v2\/pages\/68\/revisions\/323"}],"wp:attachment":[{"href":"https:\/\/seeds.caliman.com.br\/index.php?rest_route=%2Fwp%2Fv2%2Fmedia&parent=68"}],"curies":[{"name":"wp","href":"https:\/\/api.w.org\/{rel}","templated":true}]}}